0) is divided by 4.
3
Let p(o) = -19*o + 1. Let v be p(-1). What is the remainder when 63 is divided by 305/v - (-3)/4?
15
Let o = 4 + 1. What is the remainder when 0 + (-760)/(-18) + 62/(-279) is divided by (-540)/(-25) - (-2)/o?
20
Let t(g) = -g**2 + 13*g - 18. What is the remainder when 61 is divided by t(8)?
17
Let x = -27 - -95. Calculate the remainder when x is divided by 10.
8
Let l(m) = m. Let c be l(0). Suppose 42 = 2*z - c*z. Suppose -n + 54 + 8 = 0. What is the remainder when n is divided by z?
20
Suppose -7*b = -3*b. Suppose 2*y - s + 2*s - 7 = 0, 3*y + 5*s - 7 = b. Calculate the remainder when 13 is divided by y.
1
Let l(h) = 3*h + 1. Let y be l(1). Suppose 0*r = 5*r - 15, -2*w - r = -33. What is the remainder when 158/6 + y/6 is divided by w?
12
Let r be 1*2/4*44. Suppose c - r = -3. Suppose 37 = 2*h - 5*y, -4*h = -y + 2*y - c. Calculate the remainder when 17 is divided by h.
5
Let b = -30 - -116. Let x(o) = -o + 3. Let u be x(0). Suppose u*w = 233 - b. What is the remainder when w is divided by 17?
15
Suppose 3*q = 7*q - 44. Calculate the remainder when 16 is divided by q.
5
Let q(j) = -10*j - 3. Let d(h) = 5*h - 6. Let g(o) = -24*o + 30. Let n(w) = 14*d(w) + 3*g(w). Let i be n(4). Calculate the remainder when 49 is divided by q(i).
15
Let a(x) = 143*x + 91. Let d(b) = 8*b + 5. Let j(q) = -5*a(q) + 91*d(q). What is the remainder when 49 is divided by j(1)?
10
Suppose 0 = 2*a - 7*a - 35. Let u(h) = -h - 2. What is the remainder when u(a) is divided by 2?
1
Let p be (-7)/((-42)/4)*18. Calculate the remainder when 6 is divided by ((-1)/2)/((-2)/p).
0
Let v(y) = 2*y**2 + 3*y - 2. Calculate the remainder when v(-6) is divided by 3/(-15) - 182/(-10).
16
Suppose 0 = 5*q - n - 11, 3*n = 3*q - 1 + 4. Suppose -3*z = 5*u - 67, -q*u + 4*z + 55 = 9. What is the remainder when 27 is divided by u?
13
Suppose 20*d - 15*d = 50. Calculate the remainder when 26 is divided by d.
6
Suppose 0 = 5*z + 25, -2*m = -3*z - 17. Suppose 0 = 6*n - 4*n - 2. Let v = 0 + n. Calculate the remainder when v is divided by m.
0
Let z(s) = 2 + s + 2 + 1. Let q be z(7). Let p = 25 - q. What is the remainder when 38 is divided by p?
12
Suppose 0 = 4*h + 22 - 94. What is the remainder when 51 is divided by h?
15
Calculate the remainder when 56/(-6)*-3 - 1 is divided by (49/(7 - 0))/(0 + 1).
6
Suppose 8*a = 4*a - 12, -3*s - 4*a + 3 = 0. Suppose -4*d = t - 103, 6 + 41 = 2*d + s*t. Suppose -3*f + 14 = -2*f. What is the remainder when d is divided by f?
12
Let y = -13 - -14. Calculate the remainder when 1 is divided by y.
0
Let q(z) = 2*z**2 - 5*z - 10. Let w = 15 - 8. What is the remainder when q(w) is divided by 18?
17
Suppose 7*a - 12*a = 295. Let s = a + 85. What is the remainder when 76 is divided by s?
24
Let g = 41 - 26. Suppose 6*m - g = m. Suppose -39 = -m*h + 30. Calculate the remainder when h is divided by 12.
11
Let p(w) = 6*w + 3. Calculate the remainder when 28 is divided by p(2).
13
Suppose 4*g = 19 - 7. Suppose -g*u - 2 = 1. Calculate the remainder when 10 is divided by u/(1 + 14/(-12)).
4
Suppose 4*i - 5*f + 7*f = -18, 3*f = -4*i - 19. What is the remainder when 37 is divided by 128/10 - i/20?
11
Suppose 0 = g - 2*y - 2*y - 9, -2*y - 15 = 3*g. Suppose 4*i + 72 = 5*s, 4*i + 14 = 3*s - 26. What is the remainder when s is divided by (4/g)/((-4)/18)?
4
Let v = 16 - -4. Let r be 0*1*(-2 + 3). Suppose r = -0*c + c - 38. Calculate the remainder when c is divided by v.
18
Calculate the remainder when 56 is divided by (19/2)/((-29)/(-58)).
18
Suppose -5*j + 149 = 3*h, 175 + 36 = 5*h - j. Calculate the remainder when h is divided by 15.
13
Suppose 3 = -5*x + 13. Let o(q) be the third derivative of q**6/120 - q**5/60 + q**4/24 - q**3/6 + q**2. Calculate the remainder when 14 is divided by o(x).
4
Let h = -32 + 43. Calculate the remainder when 40 is divided by h.
7
Suppose -5*t = 4*d - 76, -3*t + d = -36 + 4. Suppose 3 = -2*i + 7. Suppose i*n - 53 = 15. Calculate the remainder when n is divided by t.
10
Suppose -3*t - 19 = -2*d, -25 = -3*d + 3*t - 4. Let k = d - 0. Suppose k*y - 54 = -8. What is the remainder when y is divided by 12?
11
Let w = 0 - -3. Suppose -w*l + 6*t = 2*t - 24, 5*t + 24 = 3*l. Suppose 2*z = -3*j + 15, 7 = 4*j + 3*z - 14. What is the remainder when l is divided by j?
2
Let q = -1 + 2. Calculate the remainder when 11 is divided by (q/2)/(4/56).
4
Let d be 69/2 + 6/(-12). Let c = d + -24. What is the remainder when 19 is divided by c?
9
Suppose 0 = 4*f - a - 257, -2*f + 4*a + 109 + 37 = 0. Calculate the remainder when f is divided by 27.
9
Suppose 4*t - 28 = 4*w, -2*w = -t + 2*w + 16. Suppose -3*k - 12 = -5*j + 5, 5*k + 11 = 4*j. What is the remainder when (-5)/(-20) - (-7)/t is divided by k?
0
Suppose -3*q + 127 = 82. What is the remainder when q is divided by 5?
0
Let q = 94 - 45. Suppose -q = 3*h + 308. Let y = -64 - h. What is the remainder when y is divided by 19?
17
Suppose 19 + 81 = 2*s. Let p be (-17)/(-6) + 3/18. Suppose 2*y - 3 = 1, p*v + y = 53. What is the remainder when s is divided by v?
16
Suppose 2*w + 2*w = 68. What is the remainder when 49 is divided by w?
15
Let a = -11 + 14. Let g be (-2)/a + (-1768)/(-6). Suppose -5*h + u + g = 14, 2*u = -4*h + 224. Calculate the remainder when h is divided by 19.
18
Suppose 5*s = s - 4, 3*s = -2*h - 39. Let z = h - -38. Suppose -3*g + 6 = -g, g = n - 4. Calculate the remainder when z is divided by n.
6
Suppose -18 = 4*d - k, -3*k = 2*d + 1 + 1. Calculate the remainder when 351/36 + (-1)/d is divided by 3.
1
Let z = -5 + 17. Calculate the remainder when 56 is divided by z.
8
Suppose -5*t + n + 381 = 71, 5*n = -2*t + 97. Let o(b) = 6*b**2 + b - 1. Calculate the remainder when t is divided by o(-2).
19
Suppose 4*o = -5*m - 20, 5*o + 3*m = -9 - 3. Suppose -h + 18 = -o*h. What is the remainder when 34 is divided by h?
16
Suppose 2*l + 2*l + 5*r - 14 = 0, 8 = -4*r. Let m = 14 - l. Suppose 0*h + 5*h - 5*a = 85, 4*h + 3*a = 103. Calculate the remainder when h is divided by m.
6
Suppose 0 = -3*t - 33 + 69. Suppose 174 = 5*k - 4*n, 2*k - 6*k - n + 135 = 0. Calculate the remainder when k is divided by t.
10
Suppose -4*t + 32 = -3*n, 3*n + 4*t + 39 = t. Let m = -10 - n. Let w(v) = v - 3. Calculate the remainder when m is divided by w(5).
0
Suppose -i + 10 = -12. Calculate the remainder when 41 - 2/(-2) - -1 is divided by i.
21
Calculate the remainder when (-3 - (-80)/(-12))/((-1)/3) is divided by 4.
1
Let y(z) = 4*z + 1. What is the remainder when 24 is divided by y(3)?
11
Let v(l) = -3*l - 21. Calculate the remainder when 14 is divided by v(-9).
2
What is the remainder when 34 is divided by (12*2)/(7*8/28)?
10
Let w(g) be the third derivative of g**4/6 + g**3/6 + 2*g**2. What is the remainder when w(9) is divided by 10?
7
Suppose -5*m + 0*m + 25 = 0. Calculate the remainder when 33 is divided by 9/((m - 2) + -2).
6
Suppose -v - 12 = -5*v. Suppose -v = -k - 0. Suppose k*j - 3 - 6 = 0. What is the remainder when j is divided by 2?
1
Let n(z) = -7*z - 12. Let p(k) = 15*k - 5. Let x be p(4). Let b = -25 + x. What is the remainder when b is divided by n(-4)?
14
Suppose -v = -3*h - 21 - 17, -65 = -2*v - 5*h. Suppose 5*u = -y + 20, -u - 4*u = -2*y - v. What is the remainder when 17 is divided by u?
2
Suppose -4*b + 42 = 5*u, -2*u + 3 - 7 = -b. Calculate the remainder when 23 is divided by b.
7
Let o(c) = c**2 - 7*c + 1. Let t(m) be the first derivative of m**2/2 - 13*m + 3. What is the remainder when o(7) is divided by t(14)?
0
Let k = 3 + 1. Suppose -43 = -5*v + r, k*r = v - 0*v - 1. Calculate the remainder when v is divided by 3.
0
Let k(d) = 4*d - 27. Suppose -3*p + 37 = -32. Calculate the remainder when p is divided by k(10).
10
Let c = 10 + 24. Suppose 0 = r - 0*r - c. Calculate the remainder when r is divided by 45/(-3)*(-6)/5.
16
What is the remainder when ((-8)/1)/((-2)/7) is divided by 12?
4
Let j = 31 + 0. Suppose -3 = 2*i - j. Calculate the remainder when 55 is divided by i.
13
Let g = 41 + -14. Calculate the remainder when 106 is divided by g.
25
Suppose -3*d + 60 = 2*d. Suppose 0 = g + 2 - d. Let t(m) = 4*m**2 + 2*m - 2. What is the remainder when t(-3) is divided by g?
8
Let k be -2*1/(-2) + 3. Suppose k*n + 2 - 10 = 0. Suppose u - 116 = -5*w, 3*w - 132 = -n*w + 3*u. What is the remainder when 